What is the tens digit of l?
3
Let x = 88 + -83. Suppose 3*v - x*f = 673, 142 = v + 3*f - 59. What is the tens digit of v?
1
Let f(o) = o**2 + 17*o + 38. Let m be f(-19). Suppose -2*y = -2*n - 350, 433 + m = 3*y + 5*n. What is the hundreds digit of y?
1
Let o = -37 - -765. What is the tens digit of o?
2
Suppose o - 205 = 270. Suppose 7*s = 2*s + o. Suppose -4*k - 27 = -s. What is the tens digit of k?
1
Suppose -2*r = 3*v - 366, 0*v + 2 = -v. What is the tens digit of r?
8
Let m = 17 - 29. Let q = m + 14. What is the units digit of q?
2
Let y(a) = 34*a - 3. What is the units digit of y(11)?
1
Let j = 15 + 193. What is the hundreds digit of j?
2
Let z = 33 - 23. Let j = z + 38. What is the tens digit of j?
4
What is the units digit of (-2942)/(-6) + -1 - (-14)/21?
0
Suppose -3*s - s - 16 = -4*y, -3*s - 11 = -2*y. Let a be 12*((-1)/(-2) + 0). Suppose 5*b + y = a. What is the units digit of b?
1
Let g(s) = s**2 - 2*s - 4. Let r be g(-5). Suppose -4*p + r = -25. What is the units digit of p?
4
Let s = 1566 - 165. What is the units digit of s?
1
Suppose 8 = 4*n, -538 = -4*p - 2*n - 126. Suppose p + 22 = r. What is the hundreds digit of r?
1
Let r(w) = -w + 11. Let y(n) = -2*n**2 + 7*n - 5. Let a be y(4). Let h = -17 - a. What is the units digit of r(h)?
9
Suppose -572 = -39*m + 35*m. Let q = m - 75. What is the tens digit of q?
6
Let o(c) = -61*c - 35. What is the tens digit of o(-6)?
3
Suppose 5*t = 1346 + 1514. Suppose 0 = -3*d - 0*d - 2*j + 839, 5*j = 2*d - t. What is the units digit of d?
1
Let a be 3 - (-1 - 0 - -11). Let g = -5 - a. Suppose 3*o + 14 = j, -3*o = 2*j - 39 + g. What is the tens digit of j?
1
Suppose -5*b = -6*b + 137. Suppose -5*f + b = -18. What is the units digit of f?
1
Suppose 0 = -20*v + 528 + 1932. What is the hundreds digit of v?
1
Let g(h) = 23*h + 2. Suppose 4*k - 104 = -t, -3*k + 131 = 2*k + t. Let n = k - 25. What is the units digit of g(n)?
8
Let z(v) = -254*v - 7. What is the tens digit of z(-1)?
4
Let z = -24 + 26. Suppose n = z*n - 42. What is the units digit of n?
2
Let l be 4/3*(-2 - -5). Let a(f) = -1. Let z(c) = -5*c + 7. Let p(n) = -6*a(n) - z(n). What is the tens digit of p(l)?
1
Suppose 5*u + 0*u = 55. Suppose 4 = -12*s + u*s. What is the units digit of 3 + s + 4 + 6?
9
Let c = -11 + 9. What is the units digit of 38 + 5 + -3 + c?
8
Suppose 3*n - 101 - 103 = 0. Suppose 2*y = -24 + n. Suppose 4*p - y = 14. What is the units digit of p?
9
Let z be -6*(2 + 24/(-9)). Let w be (z/8)/(2/808). What is the units digit of (-1)/(-6) + w/12?
7
Let m = 17 - -6. Suppose -2*s = -s - m. What is the units digit of s?
3
Let c(m) = 283*m + 849. What is the tens digit of c(6)?
4
Let g(m) = m**2 - 2*m + 2. Let k(d) = d**2 + 7*d - 11. Let f be k(-8). Let l be g(f). Suppose -l = -2*p + 31. What is the tens digit of p?
2
Suppose 0 = g - 5*g + 184. Suppose 0 = -7*i + g + 122. What is the tens digit of i?
2
Suppose 5*n + 0*u = u - 24, n = -u. Let j(l) = 2*l**2 + 5*l + 2. What is the units digit of j(n)?
4
Suppose 0 = 4*n - 6*n + 28. Suppose -9*m - 260 = -n*m. Suppose -10*t - m = -12*t. What is the tens digit of t?
2
Let j be 2 - (-380)/5 - -4. Let h = 109 - j. What is the tens digit of h?
2
Let y(x) = -238*x - 157. What is the thousands digit of y(-10)?
2
Let w = -1486 + 3497. What is the thousands digit of w?
2
Let a(t) = 525*t**2 + 10*t + 7. What is the hundreds digit of a(-1)?
5
Suppose 0 = -10*t + 2811 + 43219. What is the units digit of t?
3
Let k(i) = -i**2 + 10*i - 5. Let g be k(9). Suppose -3*f + 4*l = -152, 123 = g*f + 3*l - 113. Suppose -2*w + f = -w. What is the units digit of w?
6
Let x = -56 - -61. Suppose -x*q + 494 = -96. What is the tens digit of q?
1
Let z(y) = 5*y**3 - 18 - 2*y**3 - 18*y + 26 + 10*y**2 - 4*y**3. What is the tens digit of z(6)?
4
Let c be 1/(-2 + 13/6). Let x be 122/c + (-3)/9. Suppose -2*v - 3*v = b - 160, -x = -4*b. What is the units digit of v?
1
Let z be (-3)/9*0/1. Suppose -2*r + z*r + 63 = 3*w, -3*w + 63 = -4*r. Suppose -c + 0*c + w = 0. What is the tens digit of c?
2
Let q = -33 - -95. Suppose z + j - q = 0, 132 = 2*z - 5*j + 3*j. What is the tens digit of z?
6
Let p(g) = -g**2 - 17*g - 7. Let s be p(-17). What is the units digit of 3/s - 31/(-7)?
4
Let x(z) = 1705*z + 50. What is the tens digit of x(1)?
5
Let n = 2235 - 1399. What is the hundreds digit of n?
8
Suppose -k + 357 + 432 = 0. What is the units digit of k?
9
What is the tens digit of (-151177)/(-145) - (-2)/5?
4
Let g = -416 - -254. Let p = g - -269. What is the tens digit of p?
0
Let o(j) = j**2 + 18*j - 189. What is the hundreds digit of o(-50)?
4
Suppose m - 3*z + 9 = 0, 13 = -m - 3*z + 28. Suppose -35 = -2*r - m*r. What is the units digit of r?
7
Let m be (-3)/3*(-7 + 2). Suppose -4*c + x = 785, 2*x + 15 = m*x. What is the units digit of 2/(-7) + c/(-21)?
9
Let x(q) = 10*q. Let n be x(3). Let a = -52 - -52. Suppose a - n = -o. What is the tens digit of o?
3
Let a(q) be the second derivative of -13*q**5/4 - q**4/4 - q**3/2 - q**2/2 + 2*q. What is the tens digit of a(-1)?
6
Suppose 5*l - 4 - 2 = -2*y, 5*l = 3*y - 9. Suppose -4*q - 418 = -y*r, r - 3*q - 138 = -q. What is the tens digit of r?
4
Let v(o) = -56*o - 2. Let j be v(-2). Let n(s) = -s + 9. Let k be n(4). Suppose 0 = k*p + 3*y - 120, -y + j = -0*p + 5*p. What is the units digit of p?
1
Suppose 2*j + 618 = 5*i, 3*j = -2*i + 4*j + 248. Let h be 1/(-2)*(2 - i). Suppose 3*v - h = v. What is the units digit of v?
0
Let o be -6 - (-4 - (0 - -1)). Suppose 0 + 5 = 5*l. What is the units digit of l - (o + 2/(-2))?
3
Let z(h) = -2*h**2 + 21*h + 14. Let d be z(21). Let k = -243 - d. What is the units digit of k?
4
Let t(l) = 7*l**2 + 21*l + 11. Let x(p) = -p**2 - p + 1. Let r(c) = t(c) + 6*x(c). Let k be r(-13). Let m = -3 - k. What is the units digit of m?
6
Suppose w + 3*w - 2*h + 2 = 0, 2*w - 3*h + 3 = 0. Let k be (w + 20)*(-2)/(-5). Let n = k - 2. What is the units digit of n?
6
Let y(m) = -m**3 - m**2 - 1. Let u be 1 + 16/(-4) + 2. Let a(s) = -7*s**3 + 4*s**2 - 11*s - 8. Let n(i) = u*a(i) + 6*y(i). What is the units digit of n(9)?
0
Suppose d - 3 + 1 = 0. Let g be (80/(-4))/(d/(-15)). Suppose -4*i - i = -g. What is the units digit of i?
0
Let j be (-2)/3 + (-4)/3. Let z be (-376)/(-11) - j/(-11). Suppose -z = 3*l - 148. What is the tens digit of l?
3
Suppose 0 = 5*i + 3*d - 8 + 20, 4*d = i - 16. Let r = 300 + -134. Suppose b + 4 = 0, i = 5*z + 5*b + r - 431. What is the tens digit of z?
5
Let d(v) = -9*v - 9. Let t be d(-13). What is the hundreds digit of 10/(-2*(-3)/t)?
1
Let i(g) = 11*g**3 - 1. Let a(u) = -3*u - 4. Let d be a(3). Let b = d + 14. What is the units digit of i(b)?
0
Let q(y) be the third derivative of y**6/60 + 3*y**5/10 - y**4/3 - 4*y**3/3 - 12*y**2. What is the tens digit of q(-9)?
6
Let m(v) = -v**2 - 12*v + 6. Let l(c) = c**3 + 10*c**2 - 9. Suppose 0 = -8*o + 6*o - 20. Let j be l(o). What is the units digit of m(j)?
3
Let l(o) be the first derivative of 19*o**3/3 - 5*o**2/2 - 3*o + 2. What is the tens digit of l(-2)?
8
Let w(p) = p**3 + p + 129. Let h be w(0). Suppose -4*r - 5*v + 92 + 163 = 0, 2*r - h = -3*v. What is the tens digit of r?
6
Let g(d) be the first derivative of -19*d**2/2 - 26*d + 6. What is the tens digit of g(-4)?
5
Suppose -3*d + 1904 = -x, -1252 = 9*d - 11*d + 5*x. What is the units digit of d?
6
Let f = 2540 + -1753. What is the hundreds digit of f?
7
Let j(q) = 40 - 2*q**2 + q - 37 + 3*q**2. Let i be j(-2). Suppose -i*h = h - 54. What is the units digit of h?
9
Suppose 0 = -b - 3*b - i - 132, -12 = 3*i. Let z = b - -104. Let g = -46 + z. What is the units digit of g?
6
Let h(v) = v**3 + 27*v**2 + v + 87. What is the tens digit of h(-27)?
6
Suppose 0 = 17*m - 10*m - 7224. What is the tens digit of m?
3
Suppose 11*g - 2*z - 10180 = 7*g, -5*g - 3*z + 12725 = 0. What is the thousands digit of g?
2
Let w be ((-1)/(-2))/(5/5770). Let s = w - 358. What is the hundreds digit of s?
2
Suppose -24 = -8*o + 2*o. Suppose -o*f + 185 = -311. Suppose 0 = 5*d - 404 + f. What is the tens digit of d?
5
Let x = -9 + 11. Suppose x*n = 6*n - 344. What is the tens digit of n?
8
Let d = 2115 + -1438. What is the tens digit of d?
7
Suppose -3*u - u + 1864 = 4*k, 2*u = 3*k - 1393. Suppose -10*m + k + 925 = 0. What is the units digit of m?
9
Let k be (-228)/4